s 95 divide 6650?
True
Is 63 a factor of 1512?
True
Does 67 divide 36314?
True
Is 2030 a multiple of 58?
True
Does 126 divide 11995?
False
Does 28 divide 406?
False
Is 569 a multiple of 2?
False
Is 42 a factor of 210?
True
Is 495 a multiple of 3?
True
Does 309 divide 14870?
False
Is 6 a factor of 510?
True
Does 14 divide 1707?
False
Does 61 divide 13603?
True
Is 40 a factor of 34520?
True
Is 2626 a multiple of 13?
True
Does 3 divide 245?
False
Is 7 a factor of 1345?
False
Is 11 a factor of 402?
False
Is 17 a factor of 24638?
False
Is 5 a factor of 180?
True
Does 35 divide 1105?
False
Is 20 a factor of 1600?
True
Is 9 a factor of 1305?
True
Is 22 a factor of 1641?
False
Is 4 a factor of 5617?
False
Is 8341 a multiple of 9?
False
Is 17 a factor of 17102?
True
Is 1203 a multiple of 32?
False
Is 1355 a multiple of 5?
True
Is 14544 a multiple of 24?
True
Is 2528 a multiple of 11?
False
Does 36 divide 10404?
True
Is 29 a factor of 5945?
True
Is 1390 a multiple of 14?
False
Is 120 a factor of 442?
False
Does 14 divide 2257?
False
Is 729 a multiple of 32?
False
Is 2280 a multiple of 19?
True
Is 7 a factor of 1687?
True
Is 51510 a multiple of 17?
True
Is 4914 a multiple of 13?
True
Is 4940 a multiple of 26?
True
Is 108 a multiple of 12?
True
Is 4 a factor of 7704?
True
Is 15 a factor of 1290?
True
Is 4 even?
True
Is 4 a factor of 8878?
False
Does 97 divide 1156?
False
Is 672 a multiple of 96?
True
Is 22 a factor of 1128?
False
Is 36 a factor of 22058?
False
Does 13 divide 886?
False
Is 583 a multiple of 53?
True
Is 49795 a multiple of 23?
True
Is 56 a multiple of 13?
False
Is 395 a multiple of 11?
False
Is 1280 a multiple of 32?
True
Does 6 divide 5316?
True
Does 67 divide 9447?
True
Does 279 divide 16124?
False
Is 53 a factor of 2438?
True
Does 38 divide 158?
False
Is 47 a factor of 1381?
False
Does 368 divide 116288?
True
Is 580 a multiple of 9?
False
Is 91088 a multiple of 16?
True
Does 6 divide 45185?
False
Does 68 divide 68?
True
Does 34 divide 5629?
False
Does 9 divide 50076?
True
Does 8 divide 106?
False
Is 65508 a multiple of 145?
False
Does 16 divide 4672?
True
Is 1440 a multiple of 96?
True
Is 32 a factor of 45921?
False
Is 16731 a multiple of 39?
True
Is 6 a multiple of 6?
True
Is 59 a multiple of 6?
False
Is 8 a factor of 7126?
False
Does 45 divide 19710?
True
Is 6 a factor of 11250?
True
Is 162 a multiple of 5?
False
Is 43 a factor of 473?
True
Does 36 divide 1603?
False
Is 576 a multiple of 31?
False
Does 7 divide 56385?
True
Does 169 divide 170360?
False
Is 815 a multiple of 49?
False
Is 36 a factor of 4105?
False
Does 23 divide 18994?
False
Does 13 divide 2603?
False
Is 748 a multiple of 54?
False
Does 34 divide 6426?
True
Is 2 a factor of 12252?
True
Is 646 a multiple of 17?
True
Is 848 a multiple of 53?
True
Does 11 divide 451?
True
Does 29 divide 1189?
True
Is 7500 a multiple of 49?
False
Does 24 divide 6867?
False
Does 24 divide 3432?
True
Does 45 divide 588?
False
Is 7296 a multiple of 17?
False
Is 13 a factor of 1066?
True
Is 31 a factor of 805?
False
Does 8 divide 213?
False
Is 41997 a multiple of 213?
False
Does 14 divide 13944?
True
Does 16 divide 435?
False
Is 20 a factor of 21480?
True
Does 58 divide 25404?
True
Is 1156 a multiple of 17?
True
Is 13 a factor of 19081?
False
Is 30 a factor of 420?
True
Is 301 a multiple of 29?
False
Is 53 a factor of 9047?
False
Is 7 a factor of 517?
False
Does 87 divide 3716?
False
Is 56 a factor of 1835?
False
Does 28 divide 924?
True
Is 834 a multiple of 4?
False
Is 61 a factor of 3711?
False
Is 29 a factor of 532?
False
Is 60 a factor of 4740?
True
Is 5295 a multiple of 126?
False
Is 24 a factor of 19152?
True
Is 252 a multiple of 10?
False
Is 3395 a multiple of 7?
True
Does 39 divide 741?
True
Is 18 a factor of 25088?
False
Is 404 a multiple of 4?
True
Is 962 even?
True
Is 781 a multiple of 71?
True
Is 888 a multiple of 3?
True
Is 53 a factor of 107590?
True
Is 147 a multiple of 8?
False
Does 26 divide 1006?
False
Is 54 a factor of 8802?
True
Is 9808 a multiple of 8?
True
Is 34813 a multiple of 108?
False
Is 43 a factor of 3870?
True
Is 25 a factor of 1774?
False
Is 352 a multiple of 22?
True
Is 6 a factor of 894?
True
Does 10 divide 4570?
True
Does 50 divide 9000?
True
Is 6 a factor of 7508?
False
Is 26560 a multiple of 46?
False
Is 94 a factor of 3032?
False
Does 12 divide 396?
True
Is 96 a multiple of 14?
False
Does 47 divide 376?
True
Does 20 divide 4277?
False
Is 4473 a multiple of 71?
True
Does 299 divide 32292?
True
Is 12 a factor of 37756?
False
Is 4247 a multiple of 7?
False
Does 17 divide 973?
False
Is 77809 a multiple of 23?
True
Does 100 divide 3468?
False
Is 44 a factor of 23496?
True
Does 12 divide 529?
False
Is 4228 a multiple of 28?
True
Does 7 divide 203?
True
Does 11 divide 2530?
True
Is 2 a factor of 29?
False
Is 76914 a multiple of 35?
False
Is 6680 a multiple of 167?
True
Does 36 divide 8136?
True
Is 76 a factor of 3914?
False
Does 15 divide 945?
True
Is 19 a factor of 4759?
False
Is 4 a factor of 1104?
True
Is 12 a factor of 1416?
True
Is 15 a factor of 893?
False
Is 6 even?
True
Is 15 a factor of 827?
False
Does 55 divide 379?
False
Does 105 divide 963?
False
Does 82 divide 3772?
True
Is 2774 a multiple of 192?
False
Does 15 divide 470?
False
Is 16367 a multiple of 121?
False
Is 16466 a multiple of 2?
True
Is 12 a factor of 2214?
False
Does 63 divide 15246?
True
Is 10500 a multiple of 50?
True
Is 13 a factor of 23660?
True
Is 86 a factor of 55533?
False
Is 18484 a multiple of 20?
False
Is 75761 a multiple of 58?
False
Does 38 divide 1216?
True
Is 66 a multiple of 2?
True
Does 9 divide 763?
False
Does 24 divide 12336?
True
Is 7252 a multiple of 7?
True
Is 627 a multiple of 53?
False
Does 17 divide 4131?
True
Is 6884 a multiple of 47?
False
Is 1189 a multiple of 41?
True
Does 13 divide 14270?
False
Is 16170 a multiple of 105?
True
Is 7 a factor of 63?
True
Is 27 a factor of 704?
False
Is 13 a factor of 1677?
True
Is 95087 a multiple of 31?
False
Is 818 a multiple of 11?
False
Is 200 a factor of 9800?
True
Is 6560 a multiple of 40?
True
Is 6 a factor of 2196?
True
Is 41762 a multiple of 8?
False
Does 117 divide 28702?
False
Is 1080 a multiple of 15?
True
Does 6 divide 2490?
True
Is 62 a factor of 84?
False
Is 37674 a multiple of 299?
True
Is 6031 a multiple of 116?
False
Is 11895 a multiple of 13?
True
Is 22 a factor of 493?
False
Does 13 divide 44804?
False
Does 22 divide 13705?
False
Does 38 divide 76?
True
Is 2955 a multiple of 5?
True
Is 9 a factor of 108?
True
Does 22 divide 33903?
False
Is 2887 even?
False
Does 15 divide 2376?
False
Is 380 a multiple of 10?
True
Does 5 divide 365?
True
Does 16 divide 405?
False
Does 79 divide 4876?
False
Is 2435 a multiple of 35?
False
Is 360 a multiple of 10?
True
Is 32 a factor of 1024?
True
Is 162 a multiple of 34?
False
Is 44220 a multiple of 30?
True
Is 7 a factor of 427?
True
Is 11 a factor of 22937?
False
Does 21 divide 21294?
True
Is 385 a multiple of 7?
True
Is 7075 a multiple of 14?
False
Does 18 divide 666?
True
Is 39 a factor of 3953?
False
Is 64 a factor of 77027?
False
Is 22 a factor of 7951?
False
Does 25 divide 1750?
True
Does 3 divide 11413?
False
Does 12 divide 46128?
True
Is 3158 a multiple of 19?
False
Is 490 a multiple of 70?
True
Is 4 a factor of 136?
True
Is 80784 a multiple of 24?
True
Is 62 a factor of 2108?
True
Is 25 a factor of 6326?
False
Does 25 divide 1067?
False
Is 13 a factor of 1157?
True
Is 896 a multiple of 56?
True
Is 319 a multiple of 29?
True
Does 31 divide 868?
True
Does 31 divide 584?
False
Does 5 divide 4010?
True
Does 86 divide 602?
True
Does 9 divide 20934?
True
Is 21053 a multiple of 16?
False
Is 26 a factor of 63064?
False
Is 168 a multiple of 2?
True
Does 110 divide 5362?
False
Is 90 a factor of 3960?
True
Is 16 a factor of 20624?
True
Is 12 a factor of 131?
False
Is 17580 a multiple of 3?
True
Is 27455 a multiple of 115?
False
Does 23 divide 4179?
False
Is 4268 a multiple of 73?
False
Is 3476 a multiple of 87?
False
Does 2 divide 142?
True
Is 14 a factor of 3346?
True
Does 22 divide 614?
False
Does 105 divide 1454?
False
Is 68 a factor of 4795?
False
Is 143 a multiple of 13?
True
Is 7341 a multiple of 45?
False
Does 15 divide 3568?
False
Is 1064 a multiple of 25?
False
Is 282 a 